{"id":181,"date":"2015-05-12T09:45:26","date_gmt":"2015-05-12T15:45:26","guid":{"rendered":"https:\/\/www.riad-irene.com\/?post_type=accommodation&#038;p=181"},"modified":"2021-10-13T19:50:26","modified_gmt":"2021-10-13T17:50:26","slug":"marrakech","status":"publish","type":"page","link":"https:\/\/www.riad-irene.com\/?page_id=181","title":{"rendered":"Marrakech"},"content":{"rendered":"<h1 style=\"text-align: center;\">Chambre Marrakech<\/h1>\n<p>situ\u00e9e au 1er \u00e9tage, donnant sur le derb, cette chambre de 13 m\u00b2 comporte :<\/p>\n<ul>\n<li class=\"li1\">Un grand lit en 160 pour 2 personnes (literie de marque)<\/li>\n<li class=\"li1\">Murs blancs, couvre-lit toile blanc cass\u00e9 ; kilim au mur<\/li>\n<li class=\"li1\">El\u00e9ments de d\u00e9coration : rouge Marrakech : coussins, jet\u00e9 de lit organdi, lampes en tadelakt.<\/li>\n<li class=\"li1\">Console en c\u00e8dre, 2 petits fauteuils en fer forg\u00e9.<\/li>\n<li class=\"li1\">Sol en dess et bejmat, tapis .<\/li>\n<li class=\"li1\">Fen\u00eatres double-vitrage.<\/li>\n<\/ul>\n<p>Salle de bains : grande douche et murs en tadelakt, sol en bejmat, lavabo en cuivre ainsi que lampes et glaces. Ton beige ros\u00e9.<\/p>\n<p style=\"display: block; float: right;\"><a class=\"button4\" style=\"background: #e26143; color: #fff; border: none;\" href=\"https:\/\/www.espace-maroc.com\/module-clients-deporter.php?mini_id=695&amp;l_id=1\">Disponibilit\u00e9<\/a><\/p>\n<p>&nbsp;<\/p>\n<hr \/>\n\n\t\t<style type=\"text\/css\">\n\t\t\t#gallery-1 {\n\t\t\t\tmargin: auto;\n\t\t\t}\n\t\t\t#gallery-1 .gallery-item {\n\t\t\t\tfloat: left;\n\t\t\t\tmargin-top: 10px;\n\t\t\t\ttext-align: center;\n\t\t\t\twidth: 50%;\n\t\t\t}\n\t\t\t#gallery-1 img {\n\t\t\t\tborder: 2px solid #cfcfcf;\n\t\t\t}\n\t\t\t#gallery-1 .gallery-caption {\n\t\t\t\tmargin-left: 0;\n\t\t\t}\n\t\t\t\/* see gallery_shortcode() in wp-includes\/media.php *\/\n\t\t<\/style>\n\t\t<div id='gallery-1' class='gallery galleryid-181 gallery-columns-2 gallery-size-large'><dl class='gallery-item'>\n\t\t\t<dt class='gallery-icon landscape'>\n\t\t\t\t<a href='https:\/\/www.riad-irene.com\/wp-content\/uploads\/2021\/06\/ch-Marrakech-2-29-nov-2016-730x526-1.jpg'><img loading=\"lazy\" decoding=\"async\" width=\"640\" height=\"461\" src=\"https:\/\/www.riad-irene.com\/wp-content\/uploads\/2021\/06\/ch-Marrakech-2-29-nov-2016-730x526-1.jpg\" class=\"attachment-large size-large\" alt=\"\" \/><\/a>\n\t\t\t<\/dt><\/dl><dl class='gallery-item'>\n\t\t\t<dt class='gallery-icon landscape'>\n\t\t\t\t<a href='https:\/\/www.riad-irene.com\/wp-content\/uploads\/2021\/06\/2015-04-ch-Marrakech-040-scaled.jpg'><img loading=\"lazy\" decoding=\"async\" width=\"640\" height=\"480\" src=\"https:\/\/www.riad-irene.com\/wp-content\/uploads\/2021\/06\/2015-04-ch-Marrakech-040-1024x768.jpg\" class=\"attachment-large size-large\" alt=\"\" \/><\/a>\n\t\t\t<\/dt><\/dl><br style=\"clear: both\" \/><dl class='gallery-item'>\n\t\t\t<dt class='gallery-icon landscape'>\n\t\t\t\t<a href='https:\/\/www.riad-irene.com\/wp-content\/uploads\/2021\/06\/2015-04-ch-Marrakech-038-scaled.jpg'><img loading=\"lazy\" decoding=\"async\" width=\"640\" height=\"480\" src=\"https:\/\/www.riad-irene.com\/wp-content\/uploads\/2021\/06\/2015-04-ch-Marrakech-038-1024x768.jpg\" class=\"attachment-large size-large\" alt=\"\" \/><\/a>\n\t\t\t<\/dt><\/dl><dl class='gallery-item'>\n\t\t\t<dt class='gallery-icon landscape'>\n\t\t\t\t<a href='https:\/\/www.riad-irene.com\/wp-content\/uploads\/2021\/06\/2015-04-ch-Marrakech-037-scaled.jpg'><img loading=\"lazy\" decoding=\"async\" width=\"640\" height=\"480\" src=\"https:\/\/www.riad-irene.com\/wp-content\/uploads\/2021\/06\/2015-04-ch-Marrakech-037-1024x768.jpg\" class=\"attachment-large size-large\" alt=\"\" \/><\/a>\n\t\t\t<\/dt><\/dl><br style=\"clear: both\" \/><dl class='gallery-item'>\n\t\t\t<dt class='gallery-icon landscape'>\n\t\t\t\t<a href='https:\/\/www.riad-irene.com\/wp-content\/uploads\/2021\/06\/ch-Marrakech-1-29-nov-2016-scaled.jpg'><img loading=\"lazy\" decoding=\"async\" width=\"640\" height=\"480\" src=\"https:\/\/www.riad-irene.com\/wp-content\/uploads\/2021\/06\/ch-Marrakech-1-29-nov-2016-1024x768.jpg\" class=\"attachment-large size-large\" alt=\"\" \/><\/a>\n\t\t\t<\/dt><\/dl><dl class='gallery-item'>\n\t\t\t<dt class='gallery-icon portrait'>\n\t\t\t\t<a href='https:\/\/www.riad-irene.com\/wp-content\/uploads\/2021\/10\/ch-Marrakech-SdB-2-IMG_2338-1-1-scaled.jpg'><img loading=\"lazy\" decoding=\"async\" width=\"640\" height=\"853\" src=\"https:\/\/www.riad-irene.com\/wp-content\/uploads\/2021\/10\/ch-Marrakech-SdB-2-IMG_2338-1-1-768x1024.jpg\" class=\"attachment-large size-large\" alt=\"\" \/><\/a>\n\t\t\t<\/dt><\/dl><br style=\"clear: both\" \/><dl class='gallery-item'>\n\t\t\t<dt class='gallery-icon portrait'>\n\t\t\t\t<a href='https:\/\/www.riad-irene.com\/wp-content\/uploads\/2021\/10\/ch-Marrakech-SdB-1-IMG_2339-1-scaled.jpg'><img loading=\"lazy\" decoding=\"async\" width=\"640\" height=\"853\" src=\"https:\/\/www.riad-irene.com\/wp-content\/uploads\/2021\/10\/ch-Marrakech-SdB-1-IMG_2339-1-768x1024.jpg\" class=\"attachment-large size-large\" alt=\"\" \/><\/a>\n\t\t\t<\/dt><\/dl>\n\t\t\t<br style='clear: both' \/>\n\t\t<\/div>\n\n","protected":false},"excerpt":{"rendered":"<p>Chambre Marrakech situ\u00e9e au 1er \u00e9tage, donnant sur le derb, cette chambre de 13 m\u00b2 comporte : Un grand lit en 160 pour 2 personnes (literie de marque) Murs blancs, couvre-lit toile blanc cass\u00e9 ; kilim au mur El\u00e9ments de d\u00e9coration : rouge Marrakech : coussins, jet\u00e9 de lit organdi, lampes en tadelakt. Console en [&hellip;]<\/p>\n","protected":false},"author":1,"featured_media":855,"parent":75,"menu_order":0,"comment_status":"closed","ping_status":"closed","template":"","meta":{"_regular_price":[],"currency_symbol":[],"footnotes":""},"class_list":["post-181","page","type-page","status-publish","has-post-thumbnail","hentry"],"post_slider_layout_featured_media_urls":{"thumbnail":["https:\/\/www.riad-irene.com\/wp-content\/uploads\/2021\/06\/2015-04-ch-Marrakech-038-150x150.jpg",150,150,true],"post_slider_layout_landscape_large":["https:\/\/www.riad-irene.com\/wp-content\/uploads\/2021\/06\/2015-04-ch-Marrakech-038-1200x800.jpg",1200,800,true],"post_slider_layout_portrait_large":["https:\/\/www.riad-irene.com\/wp-content\/uploads\/2021\/06\/2015-04-ch-Marrakech-038-1200x1800.jpg",1200,1800,true],"post_slider_layout_square_large":["https:\/\/www.riad-irene.com\/wp-content\/uploads\/2021\/06\/2015-04-ch-Marrakech-038-1200x1200.jpg",1200,1200,true],"post_slider_layout_landscape":["https:\/\/www.riad-irene.com\/wp-content\/uploads\/2021\/06\/2015-04-ch-Marrakech-038-600x400.jpg",600,400,true],"post_slider_layout_portrait":["https:\/\/www.riad-irene.com\/wp-content\/uploads\/2021\/06\/2015-04-ch-Marrakech-038-600x900.jpg",600,900,true],"post_slider_layout_square":["https:\/\/www.riad-irene.com\/wp-content\/uploads\/2021\/06\/2015-04-ch-Marrakech-038-600x600.jpg",600,600,true],"full":["https:\/\/www.riad-irene.com\/wp-content\/uploads\/2021\/06\/2015-04-ch-Marrakech-038-scaled.jpg",2560,1920,false]},"rttpg_featured_image_url":{"full":["https:\/\/www.riad-irene.com\/wp-content\/uploads\/2021\/06\/2015-04-ch-Marrakech-038-scaled.jpg",2560,1920,false],"landscape":["https:\/\/www.riad-irene.com\/wp-content\/uploads\/2021\/06\/2015-04-ch-Marrakech-038-scaled.jpg",2560,1920,false],"portraits":["https:\/\/www.riad-irene.com\/wp-content\/uploads\/2021\/06\/2015-04-ch-Marrakech-038-scaled.jpg",2560,1920,false],"thumbnail":["https:\/\/www.riad-irene.com\/wp-content\/uploads\/2021\/06\/2015-04-ch-Marrakech-038-150x150.jpg",150,150,true],"medium":["https:\/\/www.riad-irene.com\/wp-content\/uploads\/2021\/06\/2015-04-ch-Marrakech-038-300x225.jpg",300,225,true],"large":["https:\/\/www.riad-irene.com\/wp-content\/uploads\/2021\/06\/2015-04-ch-Marrakech-038-1024x768.jpg",640,480,true],"post-thumbnail":["https:\/\/www.riad-irene.com\/wp-content\/uploads\/2021\/06\/2015-04-ch-Marrakech-038-432x324.jpg",432,324,true],"1536x1536":["https:\/\/www.riad-irene.com\/wp-content\/uploads\/2021\/06\/2015-04-ch-Marrakech-038-1536x1152.jpg",1536,1152,true],"2048x2048":["https:\/\/www.riad-irene.com\/wp-content\/uploads\/2021\/06\/2015-04-ch-Marrakech-038-2048x1536.jpg",2048,1536,true],"post_slider_layout_landscape_large":["https:\/\/www.riad-irene.com\/wp-content\/uploads\/2021\/06\/2015-04-ch-Marrakech-038-1200x800.jpg",1200,800,true],"post_slider_layout_portrait_large":["https:\/\/www.riad-irene.com\/wp-content\/uploads\/2021\/06\/2015-04-ch-Marrakech-038-1200x1800.jpg",1200,1800,true],"post_slider_layout_square_large":["https:\/\/www.riad-irene.com\/wp-content\/uploads\/2021\/06\/2015-04-ch-Marrakech-038-1200x1200.jpg",1200,1200,true],"post_slider_layout_landscape":["https:\/\/www.riad-irene.com\/wp-content\/uploads\/2021\/06\/2015-04-ch-Marrakech-038-600x400.jpg",600,400,true],"post_slider_layout_portrait":["https:\/\/www.riad-irene.com\/wp-content\/uploads\/2021\/06\/2015-04-ch-Marrakech-038-600x900.jpg",600,900,true],"post_slider_layout_square":["https:\/\/www.riad-irene.com\/wp-content\/uploads\/2021\/06\/2015-04-ch-Marrakech-038-600x600.jpg",600,600,true],"vw-hotel-homepage-thumb":["https:\/\/www.riad-irene.com\/wp-content\/uploads\/2021\/06\/2015-04-ch-Marrakech-038-240x145.jpg",240,145,true]},"rttpg_author":{"display_name":"mohamed","author_link":"https:\/\/www.riad-irene.com\/?author=1"},"rttpg_comment":0,"rttpg_category":" <a href=\"https:\/\/www.riad-irene.com\/\" rel=\"tag\">Fran\u00e7ais<\/a>","rttpg_excerpt":"Chambre Marrakech situ\u00e9e au 1er \u00e9tage, donnant sur le derb, cette chambre de 13 m\u00b2 comporte : Un grand lit en 160 pour 2 personnes (literie de marque) Murs blancs, couvre-lit toile blanc cass\u00e9 ; kilim au mur El\u00e9ments de d\u00e9coration : rouge Marrakech : coussins, jet\u00e9 de lit organdi, lampes en tadelakt. Console en\u2026","_links":{"self":[{"href":"https:\/\/www.riad-irene.com\/index.php?rest_route=\/wp\/v2\/pages\/181","targetHints":{"allow":["GET"]}}],"collection":[{"href":"https:\/\/www.riad-irene.com\/index.php?rest_route=\/wp\/v2\/pages"}],"about":[{"href":"https:\/\/www.riad-irene.com\/index.php?rest_route=\/wp\/v2\/types\/page"}],"author":[{"embeddable":true,"href":"https:\/\/www.riad-irene.com\/index.php?rest_route=\/wp\/v2\/users\/1"}],"replies":[{"embeddable":true,"href":"https:\/\/www.riad-irene.com\/index.php?rest_route=%2Fwp%2Fv2%2Fcomments&post=181"}],"version-history":[{"count":7,"href":"https:\/\/www.riad-irene.com\/index.php?rest_route=\/wp\/v2\/pages\/181\/revisions"}],"predecessor-version":[{"id":1088,"href":"https:\/\/www.riad-irene.com\/index.php?rest_route=\/wp\/v2\/pages\/181\/revisions\/1088"}],"up":[{"embeddable":true,"href":"https:\/\/www.riad-irene.com\/index.php?rest_route=\/wp\/v2\/pages\/75"}],"wp:featuredmedia":[{"embeddable":true,"href":"https:\/\/www.riad-irene.com\/index.php?rest_route=\/wp\/v2\/media\/855"}],"wp:attachment":[{"href":"https:\/\/www.riad-irene.com\/index.php?rest_route=%2Fwp%2Fv2%2Fmedia&parent=181"}],"curies":[{"name":"wp","href":"https:\/\/api.w.org\/{rel}","templated":true}]}}

<h1 style="text-align: center;">Chambre Marrakech</h1>
<p>située au 1er étage, donnant sur le derb, cette chambre de 13 m² comporte :</p>
<ul>
<li class="li1">Un grand lit en 160 pour 2 personnes (literie de marque)</li>
<li class="li1">Murs blancs, couvre-lit toile blanc cassé ; kilim au mur</li>
<li class="li1">Eléments de décoration : rouge Marrakech : coussins, jeté de lit organdi, lampes en tadelakt.</li>
<li class="li1">Console en cèdre, 2 petits fauteuils en fer forgé.</li>
<li class="li1">Sol en dess et bejmat, tapis .</li>
<li class="li1">Fenêtres double-vitrage.</li>
</ul>
<p>Salle de bains : grande douche et murs en tadelakt, sol en bejmat, lavabo en cuivre ainsi que lampes et glaces. Ton beige rosé.</p>
<p style="display: block; float: right;"><a class="button4" style="background: #e26143; color: #fff; border: none;" href="https://www.espace-maroc.com/module-clients-deporter.php?mini_id=695&amp;l_id=1">Disponibilité</a></p>
<p>&nbsp;</p>
<hr />

		<style type="text/css">
			#gallery-1 {
				margin: auto;
			}
			#gallery-1 .gallery-item {
				float: left;
				margin-top: 10px;
				text-align: center;
				width: 50%;
			}
			#gallery-1 img {
				border: 2px solid #cfcfcf;
			}
			#gallery-1 .gallery-caption {
				margin-left: 0;
			}
			/* see gallery_shortcode() in wp-includes/media.php */
		</style>
		<div id='gallery-1' class='gallery galleryid-181 gallery-columns-2 gallery-size-large'><dl class='gallery-item'>
			<dt class='gallery-icon landscape'>
				<a href='https://www.riad-irene.com/wp-content/uploads/2021/06/ch-Marrakech-2-29-nov-2016-730x526-1.jpg'><img loading="lazy" decoding="async" width="640" height="461" src="https://www.riad-irene.com/wp-content/uploads/2021/06/ch-Marrakech-2-29-nov-2016-730x526-1.jpg" class="attachment-large size-large" alt="" /></a>
			</dt></dl><dl class='gallery-item'>
			<dt class='gallery-icon landscape'>
				<a href='https://www.riad-irene.com/wp-content/uploads/2021/06/2015-04-ch-Marrakech-040-scaled.jpg'><img loading="lazy" decoding="async" width="640" height="480" src="https://www.riad-irene.com/wp-content/uploads/2021/06/2015-04-ch-Marrakech-040-1024x768.jpg" class="attachment-large size-large" alt="" /></a>
			</dt></dl><br style="clear: both" /><dl class='gallery-item'>
			<dt class='gallery-icon landscape'>
				<a href='https://www.riad-irene.com/wp-content/uploads/2021/06/2015-04-ch-Marrakech-038-scaled.jpg'><img loading="lazy" decoding="async" width="640" height="480" src="https://www.riad-irene.com/wp-content/uploads/2021/06/2015-04-ch-Marrakech-038-1024x768.jpg" class="attachment-large size-large" alt="" /></a>
			</dt></dl><dl class='gallery-item'>
			<dt class='gallery-icon landscape'>
				<a href='https://www.riad-irene.com/wp-content/uploads/2021/06/2015-04-ch-Marrakech-037-scaled.jpg'><img loading="lazy" decoding="async" width="640" height="480" src="https://www.riad-irene.com/wp-content/uploads/2021/06/2015-04-ch-Marrakech-037-1024x768.jpg" class="attachment-large size-large" alt="" /></a>
			</dt></dl><br style="clear: both" /><dl class='gallery-item'>
			<dt class='gallery-icon landscape'>
				<a href='https://www.riad-irene.com/wp-content/uploads/2021/06/ch-Marrakech-1-29-nov-2016-scaled.jpg'><img loading="lazy" decoding="async" width="640" height="480" src="https://www.riad-irene.com/wp-content/uploads/2021/06/ch-Marrakech-1-29-nov-2016-1024x768.jpg" class="attachment-large size-large" alt="" /></a>
			</dt></dl><dl class='gallery-item'>
			<dt class='gallery-icon portrait'>
				<a href='https://www.riad-irene.com/wp-content/uploads/2021/10/ch-Marrakech-SdB-2-IMG_2338-1-1-scaled.jpg'><img loading="lazy" decoding="async" width="640" height="853" src="https://www.riad-irene.com/wp-content/uploads/2021/10/ch-Marrakech-SdB-2-IMG_2338-1-1-768x1024.jpg" class="attachment-large size-large" alt="" /></a>
			</dt></dl><br style="clear: both" /><dl class='gallery-item'>
			<dt class='gallery-icon portrait'>
				<a href='https://www.riad-irene.com/wp-content/uploads/2021/10/ch-Marrakech-SdB-1-IMG_2339-1-scaled.jpg'><img loading="lazy" decoding="async" width="640" height="853" src="https://www.riad-irene.com/wp-content/uploads/2021/10/ch-Marrakech-SdB-1-IMG_2339-1-768x1024.jpg" class="attachment-large size-large" alt="" /></a>
			</dt></dl>
			<br style='clear: both' />
		</div>

<p>Chambre Marrakech située au 1er étage, donnant sur le derb, cette chambre de 13 m² comporte : Un grand lit en 160 pour 2 personnes (literie de marque) Murs blancs, couvre-lit toile blanc cassé ; kilim au mur Eléments de décoration : rouge Marrakech : coussins, jeté de lit organdi, lampes en tadelakt. Console en [&hellip;]</p>

<a href="https://www.riad-irene.com/" rel="tag">Français</a>

Chambre Marrakech située au 1er étage, donnant sur le derb, cette chambre de 13 m² comporte : Un grand lit en 160 pour 2 personnes (literie de marque) Murs blancs, couvre-lit toile blanc cassé ; kilim au mur Eléments de décoration : rouge Marrakech : coussins, jeté de lit organdi, lampes en tadelakt. Console en…
