{"id":78,"date":"2015-05-12T15:57:49","date_gmt":"2015-05-08T10:38:14","guid":{"rendered":"https:\/\/www.riad-irene.com\/?page_id=78"},"modified":"2021-10-19T12:48:29","modified_gmt":"2021-10-19T10:48:29","slug":"le-riad","status":"publish","type":"page","link":"https:\/\/www.riad-irene.com\/?page_id=78","title":{"rendered":"Le Riad"},"content":{"rendered":"<h1 style=\"text-align: center;\">LE RIAD<\/h1>\n<p>&nbsp;<\/p>\n<p>Situ\u00e9 \u00e0 l\u2019int\u00e9rieur des remparts de la <b>M\u00e9dina de Marrakech<\/b>, dans le quartier calme et authentique de Sidi Ben Slimane, l\u00e0 o\u00f9 v\u00e9cut Averro\u00e8s au 12\u00e8me si\u00e8cle, le riad Ir\u00e8ne est \u00e0 15 minutes \u00e0 pied de la place <b>Jemma El Fna<\/b>, \u00e0 7 minutes des souks, de la M\u00e9dersa Ben Youssef et du Mus\u00e9e de Marrakech et \u00e0 10 minutes des splendides Jardins Majorelle et du mus\u00e9e Yves Saint-Laurent. Une station de taxi et un parking \u00e0 l\u2019ext\u00e9rieur des remparts se trouvent \u00e0 2 minutes \u00e0 pied.<\/p>\n<p><b>Le riad <\/b>(qui veut dire \u00ab maison-jardin \u00bb) est compos\u00e9 d\u2019un patio arbor\u00e9 o\u00f9 l\u2019on peut se rafra\u00eechir pr\u00e8s de la fontaine et autour duquel s\u2019organisent les diff\u00e9rentes pi\u00e8ces : 5 chambres climatis\u00e9es comprenant chacune un grand lit confortable pour 2 personnes et une salle de bains attenante, un b\u2019hou (salon marocain), un s\u00e9jour-salle \u00e0 manger, une cuisine et un bureau.<\/p>\n<p><b>La terrasse<\/b> panoramique permet d\u2019admirer la ville et, au loin, l\u2019Atlas et invite \u00e0 la d\u00e9tente gr\u00e2ce \u00e0 ses sun-beds et ses deux salons, l\u2019un sous la pergola, l\u2019autre sous la tente berb\u00e8re. On peut aussi y prendre ses repas (jusqu\u2019\u00e0 10 personnes).<br \/>\n<b>Un personnel comp\u00e9tent<\/b> est \u00e0 votre disposition pour vous assurer un agr\u00e9able s\u00e9jour : Zakia pour l&rsquo;accueil, la cuisine et l\u2019entretien, Abdou pour le gardiennage et la maintenance.<\/p>\n<p>Le Riad Ir\u00e8ne est agr\u00e9\u00e9 aupr\u00e8s des autorit\u00e9s marocaines sous le n\u00b0 40 000 MH 1420, ce qui vous garantit le respect des normes de s\u00e9curit\u00e9 et de confort des \u00e9tablissements h\u00f4teliers agr\u00e9\u00e9s.<\/p>\n","protected":false},"excerpt":{"rendered":"<p>LE RIAD &nbsp; Situ\u00e9 \u00e0 l\u2019int\u00e9rieur des remparts de la M\u00e9dina de Marrakech, dans le quartier calme et authentique de Sidi Ben Slimane, l\u00e0 o\u00f9 v\u00e9cut Averro\u00e8s au 12\u00e8me si\u00e8cle, le riad Ir\u00e8ne est \u00e0 15 minutes \u00e0 pied de la place Jemma El Fna, \u00e0 7 minutes des souks, de la M\u00e9dersa Ben Youssef [&hellip;]<\/p>\n","protected":false},"author":1,"featured_media":0,"parent":0,"menu_order":0,"comment_status":"closed","ping_status":"closed","template":"","meta":{"_regular_price":[],"currency_symbol":[],"footnotes":""},"class_list":["post-78","page","type-page","status-publish","hentry"],"post_slider_layout_featured_media_urls":{"thumbnail":"","post_slider_layout_landscape_large":"","post_slider_layout_portrait_large":"","post_slider_layout_square_large":"","post_slider_layout_landscape":"","post_slider_layout_portrait":"","post_slider_layout_square":"","full":""},"rttpg_featured_image_url":null,"rttpg_author":{"display_name":"mohamed","author_link":"https:\/\/www.riad-irene.com\/?author=1"},"rttpg_comment":0,"rttpg_category":" <a href=\"https:\/\/www.riad-irene.com\/\" rel=\"tag\">Fran\u00e7ais<\/a>","rttpg_excerpt":"LE RIAD &nbsp; Situ\u00e9 \u00e0 l\u2019int\u00e9rieur des remparts de la M\u00e9dina de Marrakech, dans le quartier calme et authentique de Sidi Ben Slimane, l\u00e0 o\u00f9 v\u00e9cut Averro\u00e8s au 12\u00e8me si\u00e8cle, le riad Ir\u00e8ne est \u00e0 15 minutes \u00e0 pied de la place Jemma El Fna, \u00e0 7 minutes des souks, de la M\u00e9dersa Ben Youssef\u2026","_links":{"self":[{"href":"https:\/\/www.riad-irene.com\/index.php?rest_route=\/wp\/v2\/pages\/78","targetHints":{"allow":["GET"]}}],"collection":[{"href":"https:\/\/www.riad-irene.com\/index.php?rest_route=\/wp\/v2\/pages"}],"about":[{"href":"https:\/\/www.riad-irene.com\/index.php?rest_route=\/wp\/v2\/types\/page"}],"author":[{"embeddable":true,"href":"https:\/\/www.riad-irene.com\/index.php?rest_route=\/wp\/v2\/users\/1"}],"replies":[{"embeddable":true,"href":"https:\/\/www.riad-irene.com\/index.php?rest_route=%2Fwp%2Fv2%2Fcomments&post=78"}],"version-history":[{"count":13,"href":"https:\/\/www.riad-irene.com\/index.php?rest_route=\/wp\/v2\/pages\/78\/revisions"}],"predecessor-version":[{"id":1109,"href":"https:\/\/www.riad-irene.com\/index.php?rest_route=\/wp\/v2\/pages\/78\/revisions\/1109"}],"wp:attachment":[{"href":"https:\/\/www.riad-irene.com\/index.php?rest_route=%2Fwp%2Fv2%2Fmedia&parent=78"}],"curies":[{"name":"wp","href":"https:\/\/api.w.org\/{rel}","templated":true}]}}